4 - 10321210?
-10324134
In base 5, what is -4 - -1223200431?
1223200422
In base 12, what is -b2973 - -485?
-b24aa
In base 4, what is 212232210 + -221113?
212011031
In base 13, what is -1035 + -54a86?
-55abb
In base 12, what is 29987 - -10a?
29a95
In base 2, what is -1011001001001011010 - 110111100?
-1011001010000010110
In base 9, what is 184088445 - 3?
184088442
In base 3, what is 20212122100 + 1002222?
20220202022
In base 14, what is 2877822 - -4?
2877826
In base 3, what is -1102020210100 + -11001?
-1102020221101
In base 12, what is 37 + -2495195?
-249515a
In base 11, what is -4 - -1037606?
1037602
In base 9, what is -15 + -40165788?
-40165814
In base 11, what is 79a - -29a6?
3695
In base 4, what is -1001233303 - 31?
-1001300000
In base 13, what is 280 - 8751?
-84a1
In base 4, what is 1002013113 - 33?
1002013020
In base 15, what is 267798 - 21e?
267579
In base 15, what is d40c - -8?
d415
In base 6, what is 213112452 + 3?
213112455
In base 7, what is 14603625 - -150?
14604105
In base 7, what is 46 - -2300614?
2300663
In base 15, what is 8d6 + 948?
132e
In base 9, what is 2 + 13533543?
13533545
In base 13, what is 1bb8807 + 0?
1bb8807
In base 7, what is 4 - -1123253630?
1123253634
In base 4, what is -1321 - -1220333310?
1220331323
In base 4, what is -1033221 - -3320230?
2221003
In base 16, what is -4ef8 + da9?
-414f
In base 11, what is -1340 + -45a3?
-5933
In base 9, what is 3 + 3162285?
3162288
In base 12, what is -5b + -19145b?
-1914ba
In base 13, what is -156 - -bb92?
ba39
In base 14, what is c299 - -4301?
1259a
In base 11, what is 17 + -84479?
-84462
In base 15, what is b03e14 - -1?
b03e15
In base 2, what is 1011 - -1101110111000100101101?
1101110111000100111000
In base 14, what is 32985 + -405?
32580
In base 5, what is 13 + 100001023334?
100001023402
In base 3, what is -2021222 + 1200221011?
1121122012
In base 16, what is -10d8d66 - -2?
-10d8d64
In base 2, what is 11010 + 1000100110100101100001?
1000100110100101111011
In base 3, what is 11 + 112010200100001211?
112010200100001222
In base 12, what is 19962273 + -2?
19962271
In base 10, what is -1 + -39800544?
-39800545
In base 15, what is a6dea9 - -9?
a6deb3
In base 6, what is 15544104 + -105?
15543555
In base 3, what is 20021212 - -2211121100?
10001220012
In base 7, what is 1014266 - 113?
1014153
In base 4, what is 230212313000 - -2?
230212313002
In base 7, what is 12165 + 6060?
21255
In base 13, what is -1 + -4a1bb47?
-4a1bb48
In base 15, what is b - 590c5?
-590b9
In base 13, what is 16 - -57b182?
57b198
In base 3, what is 1110201 + -1102220112220?
-1102212002012
In base 10, what is 379 - 14352?
-13973
In base 8, what is 1100524351 + 3?
1100524354
In base 8, what is -16540 - -1762?
-14556
In base 2, what is -110101000101011111 - 1110011000?
-110101010011110111
In base 16, what is 37 + 8e7b6f?
8e7ba6
In base 8, what is 1563346340 - -5?
1563346345
In base 2, what is 110 - -10000000101101110100110?
10000000101101110101100
In base 11, what is 96071a3 - -13?
9607206
In base 14, what is 27b + 1acc1c?
1ad099
In base 8, what is -3 - 131163273?
-131163276
In base 13, what is 16999 + -276?
16723
In base 4, what is -121110310223 + 0?
-121110310223
In base 3, what is 101 - 101010212020022210?
-101010212020022102
In base 8, what is -5 + 123026507?
123026502
In base 10, what is 9323692 + 5?
9323697
In base 2, what is 1000101000 - 101?
1000100011
In base 11, what is -27 - -28993?
28967
In base 5, what is 1243004414 + -11?
1243004403
In base 2, what is 101010000 + 10011000001101011?
10011000110111011
In base 11, what is -44 + 361886?
361842
In base 12, what is 24a89a - 1a?
24a880
In base 3, what is 112010220020102201 - 12?
112010220020102112
In base 11, what is 38 - -171547?
171584
In base 11, what is -446a + 1867?
-2703
In base 12, what is -a - 1374bb?
-137509
In base 9, what is -3400 + 1685?
-1604
In base 12, what is 1352a - 260?
1328a
In base 16, what is -290 + 1e8e?
1bfe
In base 13, what is 8004 + -52?
7c82
In base 6, what is -3 - -3014535345?
3014535342
In base 4, what is 22122 + -112310103?
-112221321
In base 6, what is 2232 + 524501?
531133
In base 4, what is 2113203311130 + 10?
2113203311200
In base 10, what is -599 + 23841?
23242
In base 12, what is -821 + -43535?
-44156
In base 9, what is -84 + -67720?
-67814
In base 2, what is 1 + -1011111011010111000110100111?
-1011111011010111000110100110
In base 10, what is -106 - 140371?
-140477
In base 12, what is -10 + 2146809?
21467b9
In base 7, what is 101450 - -24325?
126105
In base 3, what is -22010112111201 - 2?
-22010112111210
In base 15, what is dac1 + -59?
da67
In base 2, what is -10 - -101100111111110011011?
101100111111110011001
In base 7, what is -133323461 - -12?
-133323446
In base 10, what is 71630 - -75?
71705
In base 4, what is 30233203 + 132120?
31031323
In base 5, what is -202440 + 30322?
-122113
In base 2, what is 10100001010111011011 - -101010?
10100001011000000101
In base 11, what is 3 + 1a75409?
1a75411
In base 3, what is 10012020001 + 2120?
10012022121
In base 13, what is -3 + -4ab5cb?
-4ab601
In base 6, what is 443041 - 400?
442241
In base 2, what is -110011000 - -10100000010011001101?
10100000001100110101
In base 2, what is 0 + -1000001111100110010011110010?
-1000001111100110010011110010
In base 7, what is -1103500341 - -1?
-1103500340
In base 8, what is -1273266 + -46?
-1273334
In base 6, what is -13 + -202424?
-202441
In base 13, what is 80b1c2b - 1?
80b1c2a
In base 11, what is 174305 - 74?
174241
In base 16, what is 2389a02 + 5?
2389a07
In base 13, what is 2 - 5199b7?
-5199b5
In base 3, what is -21011 - 20021020000?
-20021111011
In base 15, what is 16 - cb79?
-cb63
In base 4, what is -103 + -32120223111?
-32120223220
In base 7, what is 65 + 63226?
63324
In base 16, what is -26 - 13178?
-1319e
In base 4, what is 3101030110120 - 1?
3101030110113
In base 13, what is 11 + 7b0b671?
7b0b682
In base 12, what is -4 - 740b4bb?
-740b503
In base 15, what is 0 - -185c5418?
185c5418
In base 3, what is 1110120202001010 + 1?
1110120202001011
In base 5, what is -4 - 1314300121?
-1314300130
In base 5, what is -4 - -112113242?
112113233
In base 8, what is -375 + -22345354?
-22345751
In base 6, what is 31512022 + 5132?
31521154
In base 4, what is 0 - -113212323032?
113212323032
In base 8, what is 131554317 + 1?
131554320
In base 14, what is 36136 + 8c6?
36a1c
In base 5, what is -1110021 + -3133241?
-4243312
In base 15, what is 2c9c9 - e5?
2c8d4
In base 14, what is -7d70c69 + -d?
-7d70c78
In base 8, what is -5 - -54170114?
54170107
In base 14, what is 6638c7a1 + 4?
6638c7a5
In base 5, what is 23112422 + -3424?
23103443
In base 6, what is -125224152 + -5?
-125224201
In base 12, what is 634 - 56308?
-55894
In base 15, what is bb5 - -7da73?
7e738
In base 13, what is -118 + -11678?
-11793
In base 7, what is 14 - 330502260?
-330502243
In base 7, what is 2 - 3250040?
-3250035
In base 9, what is 502086 - -16?
502113
In base 8, what is 471 + 33173?
33664
In base 11, what is 14 - 786103?
-78609a
In base 10, what is 8 + -20785161?
-20785153
In base 9, what is 1 - 6587123?
-6587122
In base 14, what is 49a7 - -2a0?
4c67
In base 2, what is -1010100 + -10001100110111101001?
-10001100111000111101
In base 14, what is -1d65498 + -5?
-1d6549d
In base 2, what is 10001010010111 - 11000010?
10000111010101
In base 13, what is 3 + 4567cc?
456802
In base 15, what is 11a60a - -10?
11a61a
In base 7, what is -20 - -343035535?
343035515
In base 7, what is 0 + -31141341?
-31141341
In base 15, what is -25d30 - -23?
-25d0c
In base 14, what is 3 + -4a1a745?
-4a1a742
In base 12, what is -14 + -4a9173?
-4a9187
In base 2, what is -100111100111110001110011011 - -101?
-100111100111110001110010110
In base 12, what is 41b1 + -9556?
-5365
In base 6, what is 11 - -310541?
310552
In base 9, what is 52338540 - -5?
52338545
In base 2, what is -10110101011110101 - -111111?
-10110101010110110
In base 11, what is -166 + 18a834?
18a679
In base 9, what is -2 + -3653216?
-3653218
In base 3, what is 1212 + 12001011101020?
12001011110002
In base 5, what is 3 + 413214140?
413214143
In base 4, what is -10121 - -1201303202?
1201233021
In base 10, what is -11500093 + -1?
-11500094
In base 10, what is -4 - 2853067?
-2853071
In base 12, what is -b856a7b + -11?
-b856a90
In base 15, what is 4 + 315b4?